{"id":1004,"date":"2016-02-14T11:40:31","date_gmt":"2016-02-14T11:40:31","guid":{"rendered":"http:\/\/kidsworld.premiumthemes.in\/?page_id=1004"},"modified":"2024-07-05T16:49:33","modified_gmt":"2024-07-05T14:49:33","slug":"equipes","status":"publish","type":"page","link":"https:\/\/reves-denfants.fr\/index.php\/equipes\/","title":{"rendered":"Recrutement"},"content":{"rendered":"[vc_row][vc_column css=\u00a0\u00bb.vc_custom_1459448054745{padding: 0px !important;}\u00a0\u00bb]<div  class=\"swmsc_full_width_section\" style=\" background-color:#8272cd;background-image:url(https:\/\/reves-denfants.fr\/wp-content\/uploads\/2016\/02\/sample-school-sketch-elements-4.png); background-position:center top; background-repeat: repeat; background-attachment: scroll; background-size: auto;  padding-top:70px; padding-bottom:100px; margin-top:0px; margin-bottom:0px;  \">\n\t\t\t\t\t\t<div class=\"swmsc_container\">\n\t\t\t\t\t\t\t[vc_row_inner][vc_column_inner]<div  class=\"swmsc_button_div center block\" ><a href=\"https:\/\/reves-denfants.fr\/index.php\/contact\/\" class=\"swmsc_button \" style=\"background:#7768c4; color:#ffffff; font-size:18px; ; border-radius:10px; padding:6px 60px; line-height:40px; text-shadow:0px 1px 0 rgba(0,0,0,0.01); \" target=\"_self\">\n<p class=\"font_7\">Vous souhaitez postuler : envoyer CV + Lettre de motivation<\/p>\n<p class=\"font_7\"><a href=\"mailto:contact@reves-denfants.fr\"><strong>\u00a0POSTULEZ<\/strong><\/a><\/p>\n<\/a><\/div><div  class=\"center\" ><div style=\"font-size:30px; color:#ffffff; font-weight:bold; line-height:30px;\">\n\t\t\t\t\t<strong>Une \u00e9quipe attentionn\u00e9e et dynamique !<\/strong><\/p>\n<h1><a href=\"mailto:contact@reves-denfants.fr\">POSTULEZ<\/a><\/h1>\n\n\t\t\t\t\t<\/div><\/div><div  class=\"clear swmsc_gap\" style=\"margin:50px 0 0 0;\"><\/div>[\/vc_column_inner][\/vc_row_inner][vc_row_inner][vc_column_inner width=\u00a0\u00bb1\/4&Prime; css=\u00a0\u00bb.vc_custom_1459692667437{padding-bottom: 70px !important;}\u00a0\u00bb][\/vc_column_inner][vc_column_inner width=\u00a0\u00bb1\/4&Prime; css=\u00a0\u00bb.vc_custom_1459692671957{padding-bottom: 70px !important;}\u00a0\u00bb]<div   >\n\t\t\t\t\t<div class=\"swmsc_team_member_small tmbox_top\"><div class=\"swmsc_team_member_small_content\" style=\"border-color:#9d90e2;background:;border-radius:20px; border-width:2px;\">\n\t\t\t\t\t\t\t<h5 style=\"color:#ffffff;font-size:22px;\"><\/h5><p style=\"color:#ffffff;font-size:16px;\">Auxiliaire Petite Enfance<\/p><\/div><div class=\"swmsc_team_member_small_img\" style=\"border-radius:20px;\" >\n\t\t\t\t\t\t<img decoding=\"async\" src=\"https:\/\/reves-denfants.fr\/wp-content\/uploads\/2020\/01\/Logo-Reves-denfants2.png\" style=\"border-radius:20px;\" alt=\"\">\n\t\t\t\t\t<\/div><\/div><\/div><div   >\n\t\t\t\t\t<div class=\"swmsc_team_member_small tmbox_top\"><div class=\"swmsc_team_member_small_content\" style=\"border-color:#9d90e2;background:;border-radius:20px; border-width:2px;\">\n\t\t\t\t\t\t\t<h5 style=\"color:#ffffff;font-size:22px;\"><\/h5><p style=\"color:#ffffff;font-size:16px;\">Auxiliaire Petite Enfance<\/p><ul><li style=\"border-color:#ffffff;\"><a href=\"#https:\/\/www.facebook.com\/Micro-cr%C3%A8ches-R%C3%AAves-denfants-110348997311359\/\" style=\"color:#ffffff;\"><i class=\"fa fa-facebook\"><\/i><\/a><\/li><li style=\"border-color:#ffffff;\"><a href=\"#https:\/\/www.linkedin.com\/company\/36162270\/admin\/\" style=\"color:#ffffff;\"><i class=\"fa fa-linkedin\"><\/i><\/a><\/li><\/ul><\/div><div class=\"swmsc_team_member_small_img\" style=\"border-radius:20px;\" >\n\t\t\t\t\t\t<img decoding=\"async\" src=\"https:\/\/reves-denfants.fr\/wp-content\/uploads\/2020\/01\/Logo-Reves-denfants2.png\" style=\"border-radius:20px;\" alt=\"\">\n\t\t\t\t\t<\/div><\/div><\/div>[\/vc_column_inner][vc_column_inner width=\u00a0\u00bb1\/4&Prime; css=\u00a0\u00bb.vc_custom_1459692676741{padding-bottom: 70px !important;}\u00a0\u00bb]<div   >\n\t\t\t\t\t<div class=\"swmsc_team_member_small tmbox_bottom\"><div class=\"swmsc_team_member_small_img\" style=\"border-radius:20px;\" >\n\t\t\t\t\t\t<img decoding=\"async\" src=\"https:\/\/reves-denfants.fr\/wp-content\/uploads\/2020\/01\/Logo-Reves-denfants2.png\" style=\"border-radius:20px;\" alt=\"\">\n\t\t\t\t\t<\/div><div class=\"swmsc_team_member_small_content\" style=\"border-color:#9d90e2;background:;border-radius:20px; border-width:2px;\">\n\t\t\t\t\t\t\t<h5 style=\"color:#ffffff;font-size:22px;\"><\/h5><p style=\"color:#ffffff;font-size:16px;\">Auxiliaire Petite Enfance<\/p><ul><li style=\"border-color:#ffffff;\"><a href=\"https:\/\/www.facebook.com\/Micro-cr%C3%A8ches-R%C3%AAves-denfants-110348997311359\/\" style=\"color:#ffffff;\"><i class=\"fa fa-facebook\"><\/i><\/a><\/li><li style=\"border-color:#ffffff;\"><a href=\"https:\/\/www.linkedin.com\/company\/36162270\/admin\/\" style=\"color:#ffffff;\"><i class=\"fa fa-linkedin\"><\/i><\/a><\/li><\/ul><\/div><\/div><\/div>[\/vc_column_inner][vc_column_inner width=\u00a0\u00bb1\/4&Prime; css=\u00a0\u00bb.vc_custom_1459692681157{padding-bottom: 70px !important;}\u00a0\u00bb]<div   >\n\t\t\t\t\t<div class=\"swmsc_team_member_small tmbox_top\"><div class=\"swmsc_team_member_small_content\" style=\"border-color:#9d90e2;background:;border-radius:20px; border-width:2px;\">\n\t\t\t\t\t\t\t<h5 style=\"color:#ffffff;font-size:22px;\">En cours de recrutement<\/h5><p style=\"color:#ffffff;font-size:16px;\">R\u00e9f\u00e9rente Technique- Auxiliaire de pu\u00e9riculture<\/p><ul><li style=\"border-color:#ffffff;\"><a href=\"#https:\/\/www.facebook.com\/Micro-cr%C3%A8ches-R%C3%AAves-denfants-110348997311359\/\" style=\"color:#ffffff;\"><i class=\"fa fa-facebook\"><\/i><\/a><\/li><li style=\"border-color:#ffffff;\"><a href=\"#https:\/\/www.linkedin.com\/company\/36162270\/admin\/\" style=\"color:#ffffff;\"><i class=\"fa fa-linkedin\"><\/i><\/a><\/li><\/ul><\/div><div class=\"swmsc_team_member_small_img\" style=\"border-radius:20px;\" >\n\t\t\t\t\t\t<img decoding=\"async\" src=\"https:\/\/reves-denfants.fr\/wp-content\/uploads\/2020\/01\/Logo-Reves-denfants2.png\" style=\"border-radius:20px;\" alt=\"\">\n\t\t\t\t\t<\/div><\/div><\/div><div   >\n\t\t\t\t\t<div class=\"swmsc_team_member_small tmbox_top\"><div class=\"swmsc_team_member_small_content\" style=\"border-color:#9d90e2;background:;border-radius:20px; border-width:2px;\">\n\t\t\t\t\t\t\t<h5 style=\"color:#ffffff;font-size:22px;\"><\/h5><p style=\"color:#ffffff;font-size:16px;\">Auxiliaire Petite Enfance<\/p><\/div><\/div><\/div><div   >\n\t\t\t\t\t<div class=\"swmsc_team_member_small tmbox_top\"><div class=\"swmsc_team_member_small_content\" style=\"border-color:#9d90e2;background:;border-radius:20px; border-width:2px;\">\n\t\t\t\t\t\t\t<h5 style=\"color:#ffffff;font-size:22px;\"><\/h5><p style=\"color:#ffffff;font-size:16px;\">Auxiliaire Petite Enfance<\/p><ul><li style=\"border-color:#ffffff;\"><a href=\"#https:\/\/www.facebook.com\/Micro-cr%C3%A8ches-R%C3%AAves-denfants-110348997311359\/\" style=\"color:#ffffff;\"><i class=\"fa fa-facebook\"><\/i><\/a><\/li><li style=\"border-color:#ffffff;\"><a href=\"#https:\/\/www.linkedin.com\/company\/36162270\/admin\/\" style=\"color:#ffffff;\"><i class=\"fa fa-linkedin\"><\/i><\/a><\/li><\/ul><\/div><div class=\"swmsc_team_member_small_img\" style=\"border-radius:20px;\" >\n\t\t\t\t\t\t<img decoding=\"async\" src=\"https:\/\/reves-denfants.fr\/wp-content\/uploads\/2020\/01\/Logo-Reves-denfants2.png\" style=\"border-radius:20px;\" alt=\"\">\n\t\t\t\t\t<\/div><\/div><\/div>[\/vc_column_inner][\/vc_row_inner][vc_row_inner][vc_column_inner]<div  class=\"swmsc_button_div center block\" ><a href=\"https:\/\/reves-denfants.fr\/index.php\/contact\/\" class=\"swmsc_button \" style=\"background:#7768c4; color:#ffffff; font-size:18px; ; border-radius:10px; padding:6px 60px; line-height:40px; text-shadow:0px 1px 0 rgba(0,0,0,0.01); \" target=\"_self\">\n<p class=\"font_7\">Vous souhaitez postuler : envoyer CV + Lettre de motivation<\/p>\n<h1><a href=\"mailto:contact@reves-denfants.fr\">POSTULEZ<\/a><\/h1>\n<h1><strong>\u00a0<\/strong><\/h1>\n<\/a><\/div>[\/vc_column_inner][\/vc_row_inner]\n\t\t\t\t\t\t\t<div class=\"clear\"><\/div>\n\t\t\t\t\t\t<\/div>\n\t\t\t\t\t<\/div>[\/vc_column][\/vc_row][vc_row][vc_column][vc_column_text][\/vc_column_text][\/vc_column][\/vc_row]\n","protected":false},"excerpt":{"rendered":"<p>[vc_row][vc_column css=\u00a0\u00bb.vc_custom_1459448054745{padding: 0px !important;}\u00a0\u00bb][\/vc_column][\/vc_row][vc_row][vc_column][vc_column_text][\/vc_column_text][\/vc_column][\/vc_row]<\/p>\n","protected":false},"author":1,"featured_media":0,"parent":0,"menu_order":0,"comment_status":"closed","ping_status":"closed","template":"templates\/100-width.php","meta":{"footnotes":""},"class_list":["post-1004","page","type-page","status-publish","hentry"],"yoast_head":"<!-- This site is optimized with the Yoast SEO plugin v24.1 - https:\/\/yoast.com\/wordpress\/plugins\/seo\/ -->\n<title>Recrutement - Micro-cr\u00eaches R\u00eaves d&#039;enfants pu\u00e9ricultrice<\/title>\n<meta name=\"description\" content=\"POSTULEZ pu\u00e9riculture micros cr\u00e8che poissy, garde enfants de 4 mois \u00e0 4 ans poissy pu\u00e9ricultrice pour septembre 2020 recrutement envoyer candidature, offre d&#039;emploi\" \/>\n<meta name=\"robots\" content=\"index, follow, max-snippet:-1, max-image-preview:large, max-video-preview:-1\" \/>\n<link rel=\"canonical\" href=\"https:\/\/reves-denfants.fr\/index.php\/equipes\/\" \/>\n<meta property=\"og:locale\" content=\"fr_FR\" \/>\n<meta property=\"og:type\" content=\"article\" \/>\n<meta property=\"og:title\" content=\"Recrutement - Micro-cr\u00eaches R\u00eaves d&#039;enfants pu\u00e9ricultrice\" \/>\n<meta property=\"og:description\" content=\"POSTULEZ pu\u00e9riculture micros cr\u00e8che poissy, garde enfants de 4 mois \u00e0 4 ans poissy pu\u00e9ricultrice pour septembre 2020 recrutement envoyer candidature, offre d&#039;emploi\" \/>\n<meta property=\"og:url\" content=\"https:\/\/reves-denfants.fr\/index.php\/equipes\/\" \/>\n<meta property=\"og:site_name\" content=\"Micro-cr\u00eaches R\u00eaves d&#039;enfants\" \/>\n<meta property=\"article:modified_time\" content=\"2024-07-05T14:49:33+00:00\" \/>\n<meta property=\"og:image\" content=\"https:\/\/reves-denfants.fr\/wp-content\/uploads\/2020\/02\/LOGO-REVES-D-ENFANTS-2020.png\" \/>\n\t<meta property=\"og:image:width\" content=\"1238\" \/>\n\t<meta property=\"og:image:height\" content=\"560\" \/>\n\t<meta property=\"og:image:type\" content=\"image\/png\" \/>\n<meta name=\"twitter:card\" content=\"summary_large_image\" \/>\n<meta name=\"twitter:label1\" content=\"Dur\u00e9e de lecture estim\u00e9e\" \/>\n\t<meta name=\"twitter:data1\" content=\"4 minutes\" \/>\n<script type=\"application\/ld+json\" class=\"yoast-schema-graph\">{\"@context\":\"https:\/\/schema.org\",\"@graph\":[{\"@type\":\"WebPage\",\"@id\":\"https:\/\/reves-denfants.fr\/index.php\/equipes\/\",\"url\":\"https:\/\/reves-denfants.fr\/index.php\/equipes\/\",\"name\":\"Recrutement - Micro-cr\u00eaches R\u00eaves d&#039;enfants pu\u00e9ricultrice\",\"isPartOf\":{\"@id\":\"https:\/\/reves-denfants.fr\/#website\"},\"datePublished\":\"2016-02-14T11:40:31+00:00\",\"dateModified\":\"2024-07-05T14:49:33+00:00\",\"description\":\"POSTULEZ pu\u00e9riculture micros cr\u00e8che poissy, garde enfants de 4 mois \u00e0 4 ans poissy pu\u00e9ricultrice pour septembre 2020 recrutement envoyer candidature, offre d'emploi\",\"breadcrumb\":{\"@id\":\"https:\/\/reves-denfants.fr\/index.php\/equipes\/#breadcrumb\"},\"inLanguage\":\"fr-FR\",\"potentialAction\":[{\"@type\":\"ReadAction\",\"target\":[\"https:\/\/reves-denfants.fr\/index.php\/equipes\/\"]}]},{\"@type\":\"BreadcrumbList\",\"@id\":\"https:\/\/reves-denfants.fr\/index.php\/equipes\/#breadcrumb\",\"itemListElement\":[{\"@type\":\"ListItem\",\"position\":1,\"name\":\"Accueil\",\"item\":\"https:\/\/reves-denfants.fr\/\"},{\"@type\":\"ListItem\",\"position\":2,\"name\":\"Recrutement\"}]},{\"@type\":\"WebSite\",\"@id\":\"https:\/\/reves-denfants.fr\/#website\",\"url\":\"https:\/\/reves-denfants.fr\/\",\"name\":\"Micro-cr\u00eaches R\u00eaves d&#039;enfants\",\"description\":\"Nos micro-cr\u00eaches \u00e0 Poissy\",\"potentialAction\":[{\"@type\":\"SearchAction\",\"target\":{\"@type\":\"EntryPoint\",\"urlTemplate\":\"https:\/\/reves-denfants.fr\/?s={search_term_string}\"},\"query-input\":{\"@type\":\"PropertyValueSpecification\",\"valueRequired\":true,\"valueName\":\"search_term_string\"}}],\"inLanguage\":\"fr-FR\"}]}<\/script>\n<!-- \/ Yoast SEO plugin. -->","yoast_head_json":{"title":"Recrutement - Micro-cr\u00eaches R\u00eaves d&#039;enfants pu\u00e9ricultrice","description":"POSTULEZ pu\u00e9riculture micros cr\u00e8che poissy, garde enfants de 4 mois \u00e0 4 ans poissy pu\u00e9ricultrice pour septembre 2020 recrutement envoyer candidature, offre d'emploi","robots":{"index":"index","follow":"follow","max-snippet":"max-snippet:-1","max-image-preview":"max-image-preview:large","max-video-preview":"max-video-preview:-1"},"canonical":"https:\/\/reves-denfants.fr\/index.php\/equipes\/","og_locale":"fr_FR","og_type":"article","og_title":"Recrutement - Micro-cr\u00eaches R\u00eaves d&#039;enfants pu\u00e9ricultrice","og_description":"POSTULEZ pu\u00e9riculture micros cr\u00e8che poissy, garde enfants de 4 mois \u00e0 4 ans poissy pu\u00e9ricultrice pour septembre 2020 recrutement envoyer candidature, offre d'emploi","og_url":"https:\/\/reves-denfants.fr\/index.php\/equipes\/","og_site_name":"Micro-cr\u00eaches R\u00eaves d&#039;enfants","article_modified_time":"2024-07-05T14:49:33+00:00","og_image":[{"width":1238,"height":560,"url":"https:\/\/reves-denfants.fr\/wp-content\/uploads\/2020\/02\/LOGO-REVES-D-ENFANTS-2020.png","type":"image\/png"}],"twitter_card":"summary_large_image","twitter_misc":{"Dur\u00e9e de lecture estim\u00e9e":"4 minutes"},"schema":{"@context":"https:\/\/schema.org","@graph":[{"@type":"WebPage","@id":"https:\/\/reves-denfants.fr\/index.php\/equipes\/","url":"https:\/\/reves-denfants.fr\/index.php\/equipes\/","name":"Recrutement - Micro-cr\u00eaches R\u00eaves d&#039;enfants pu\u00e9ricultrice","isPartOf":{"@id":"https:\/\/reves-denfants.fr\/#website"},"datePublished":"2016-02-14T11:40:31+00:00","dateModified":"2024-07-05T14:49:33+00:00","description":"POSTULEZ pu\u00e9riculture micros cr\u00e8che poissy, garde enfants de 4 mois \u00e0 4 ans poissy pu\u00e9ricultrice pour septembre 2020 recrutement envoyer candidature, offre d'emploi","breadcrumb":{"@id":"https:\/\/reves-denfants.fr\/index.php\/equipes\/#breadcrumb"},"inLanguage":"fr-FR","potentialAction":[{"@type":"ReadAction","target":["https:\/\/reves-denfants.fr\/index.php\/equipes\/"]}]},{"@type":"BreadcrumbList","@id":"https:\/\/reves-denfants.fr\/index.php\/equipes\/#breadcrumb","itemListElement":[{"@type":"ListItem","position":1,"name":"Accueil","item":"https:\/\/reves-denfants.fr\/"},{"@type":"ListItem","position":2,"name":"Recrutement"}]},{"@type":"WebSite","@id":"https:\/\/reves-denfants.fr\/#website","url":"https:\/\/reves-denfants.fr\/","name":"Micro-cr\u00eaches R\u00eaves d&#039;enfants","description":"Nos micro-cr\u00eaches \u00e0 Poissy","potentialAction":[{"@type":"SearchAction","target":{"@type":"EntryPoint","urlTemplate":"https:\/\/reves-denfants.fr\/?s={search_term_string}"},"query-input":{"@type":"PropertyValueSpecification","valueRequired":true,"valueName":"search_term_string"}}],"inLanguage":"fr-FR"}]}},"_links":{"self":[{"href":"https:\/\/reves-denfants.fr\/index.php\/wp-json\/wp\/v2\/pages\/1004","targetHints":{"allow":["GET"]}}],"collection":[{"href":"https:\/\/reves-denfants.fr\/index.php\/wp-json\/wp\/v2\/pages"}],"about":[{"href":"https:\/\/reves-denfants.fr\/index.php\/wp-json\/wp\/v2\/types\/page"}],"author":[{"embeddable":true,"href":"https:\/\/reves-denfants.fr\/index.php\/wp-json\/wp\/v2\/users\/1"}],"replies":[{"embeddable":true,"href":"https:\/\/reves-denfants.fr\/index.php\/wp-json\/wp\/v2\/comments?post=1004"}],"version-history":[{"count":39,"href":"https:\/\/reves-denfants.fr\/index.php\/wp-json\/wp\/v2\/pages\/1004\/revisions"}],"predecessor-version":[{"id":2187,"href":"https:\/\/reves-denfants.fr\/index.php\/wp-json\/wp\/v2\/pages\/1004\/revisions\/2187"}],"wp:attachment":[{"href":"https:\/\/reves-denfants.fr\/index.php\/wp-json\/wp\/v2\/media?parent=1004"}],"curies":[{"name":"wp","href":"https:\/\/api.w.org\/{rel}","templated":true}]}}